e k(-8). Let u = w - 1366. What is the units digit of u?
7
Suppose -t + 5*t = 0. Suppose 0 = -x + 4*h + 32, 3*x + 2*h - 48 - 20 = t. Suppose 5*d + x = 199. What is the units digit of d?
5
Suppose -48*o + 3647088 = 46*o + 50*o. What is the units digit of o?
7
Let g be (-12 - 946/(-77)) + 618/(-7). Suppose -2*d + 12 = 2*j, -2*j + 37 = -0*j - 3*d. What is the tens digit of (-13272)/g + 2/j?
5
Suppose 286*f - 281*f = 15. Suppose -4*t = 3*q - f*t - 5509, 2*q - 3691 = 3*t. What is the hundreds digit of q?
8
Let g(c) = -37*c - 4. Let x be g(-5). Suppose 85*w + 1821 - 291 = 0. Let t = w + x. What is the tens digit of t?
6
Suppose 0*b = -3*b - 456. Suppose -19*s - 921 = 694. Let i = s - b. What is the tens digit of i?
6
Let a = 78071 + -48158. What is the ten thousands digit of a?
2
Let l(j) = -30*j - 82. Let q(b) = 31*b + 83. Let c(h) = 3*l(h) + 2*q(h). Let y be c(-24). Suppose 0*u = -16*u + y. What is the units digit of u?
7
Suppose 26*z + 47 = 125. Suppose -z*p + 1271 = 5*w, -2*p + 313 + 527 = -4*w. What is the tens digit of p?
2
Let d = 8812 + -4938. What is the units digit of d?
4
Let i(t) = -8*t - 17. Let l(o) = 8*o + 16. Let q(p) = -3*i(p) - 4*l(p). Let k be q(-2). Suppose 28 = -k*h + 223. What is the tens digit of h?
6
Suppose 0 = -9*h + 15 + 12. Suppose -3*c + 3*l - l + 193 = 0, -5*l = -h*c + 208. What is the tens digit of c?
6
Let r(u) = -12*u + 24. Let i be r(-13). Let s be i/(-40)*(-8)/(-1). What is the units digit of (-3)/(3 + -2*(-55)/s)?
4
Let o(c) = 165*c - 30. Let k(b) = -85*b + 15. Let v(h) = -5*k(h) - 2*o(h). What is the tens digit of v(16)?
0
Let z = -60 - -139. Suppose 0 = 5*a - z - 56. Let g(f) = 8*f - 59. What is the tens digit of g(a)?
5
Let g = 24991 - -41456. What is the ten thousands digit of g?
6
Let i(l) = -l**3 + 17*l**2 - l + 25. Let v(a) = -45*a + 2. Let o be v(-2). Suppose -7 = 5*u - o. What is the units digit of i(u)?
8
Let x(s) = s**3 + 13*s**2 - 27*s + 47. Let f be x(-15). Suppose 2*h + f*i = 922, -4*i = -5*h - 3*i + 2293. What is the units digit of h?
9
Let q be 25 + -1 + 2 + 2. Suppose -2*f = 2*n - 0*n - q, -5*n = -2*f - 7. What is the hundreds digit of (-39)/(-4)*(7 + f) + 1?
1
Let s(f) = -f + 0*f - 53 - 4*f - 2*f. What is the tens digit of s(-11)?
2
Let g(c) = 1342*c**2 - 2. Let u(j) = -j**2 + 34*j + 239. Let t be u(40). What is the hundreds digit of g(t)?
3
Suppose q + 3*t = -2*t - 27, t = -4*q - 146. Let u = -90 - -11. Let i = q - u. What is the tens digit of i?
4
Let q(h) = 28*h**2 + 8*h + 4. Let m be (-6)/(18/12*(-6)/(-9)). Let u be m*((-2)/(-4) - (7 + -7)). What is the units digit of q(u)?
2
Let w(l) = l - 19. Let a be w(-11). Let y = -25 - a. Suppose -y*r + 43 = s, -4*s + s - 2*r + 155 = 0. What is the tens digit of s?
5
Suppose 692235 = 45*n - 117315. What is the thousands digit of n?
7
Let t be (2 - 12/8)*(2 - -34). Suppose 15*b = t*b - 3. What is the units digit of b?
1
Let v(j) = 116*j**2 - 51*j - 553. What is the thousands digit of v(-15)?
6
Let j(g) be the second derivative of 3*g**2 + 0 - 10*g + 5/12*g**4 - 1/6*g**3. What is the units digit of j(5)?
6
Let w(p) = 2*p**2 + 2*p - 12. Let i be w(-5). Let z(b) = b**2 - 24*b - 51. What is the tens digit of z(i)?
6
Let m(a) = 71*a**2 + 8*a - 69. Let h be m(6). Let l = h + -1377. What is the units digit of l?
8
Suppose -l - 13547 = -4*a, 14*a = 12*a + 5*l + 6787. Suppose 5*p - 3370 = 5*s, 3*p - 8*p - 3*s = -a. What is the units digit of p?
6
Let k(h) = -h**3 + 6*h**2 + 2*h - 33. Let a be k(5). Suppose 5*r + 5*g - 3955 = 0, -2*r + a*g - 3*g = -1584. What is the tens digit of r?
9
Let j = -239 - -257. Suppose -502 = j*t - 2392. What is the tens digit of t?
0
Let i(v) = -10*v**3 + 3*v**2 + 14*v - 4. Let a be (2 - (1 + 3 - -1))*1. What is the hundreds digit of i(a)?
2
Let w(x) = x + 25. Let i be w(-22). Let c(p) = -6*p**2 + 12*p. Let s be c(i). Let j(h) = -h**3 - 18*h**2 - 5*h - 4. What is the tens digit of j(s)?
8
Suppose 5*d - 4*d - q - 367 = 0, -4*q = -5*d + 1834. Let x = 209 + d. What is the hundreds digit of x?
5
Let b(p) = 52*p - 87. Suppose 5*d = 25, -6*o + 3*o = -2*d - 20. What is the hundreds digit of b(o)?
4
Let y = 11730 - -4605. What is the tens digit of y?
3
Suppose 77*p + 89*p - 1321675 = 21*p. What is the thousands digit of p?
9
Suppose -9 = 3*d, 5*y + 9 = 2*y + 3*d. What is the hundreds digit of 441 + (y - (2 + -12))?
4
What is the units digit of 6*17/(-6) + 29623?
6
Let u(a) = 30*a**3 - 6*a**2 + 18*a + 21. What is the units digit of u(9)?
7
Suppose -37 + 9 = 4*z - 5*r, -5*r = -20. Let y(j) = -58*j + 1. Let d be y(z). Let w = -46 + d. What is the tens digit of w?
7
What is the thousands digit of 6430/(-4)*(12 - 476/35)?
2
Let a(x) = 1037*x - 1029*x + 18*x**2 - 2 + 6. What is the tens digit of a(5)?
9
Let o = 158450 + -98478. What is the thousands digit of o?
9
Let q(n) = 6*n**2 + 105*n - 199. What is the hundreds digit of q(50)?
0
Let a be -2 + ((-12)/(-66) - 26/22). Let d = 5 + a. Suppose 5*i - 286 = -3*m, i - 57 = d*m + 8. What is the tens digit of i?
5
Let x(w) = -w**3 - 115*w**2 - 159*w - 3260. What is the units digit of x(-115)?
5
Let z be 0 - ((-3)/(-6)*0 + 0). Suppose m - 489 + 5 = z. Suppose -4*p + 472 = 2*c, -4*p + 0*c - 5*c = -m. What is the tens digit of p?
1
Let t be (1/(-3))/(2/(-582)). Let r = -79 + t. What is the units digit of r?
8
Suppose -373 + 109 = 8*s. Let q = -29 - s. Suppose -381 = -2*v + 3*b, v - q*b + b - 189 = 0. What is the units digit of v?
2
Suppose -4*r + 20840 = -2*r + s, -5*r + s = -52093. What is the units digit of 33/12 - 3 - r/(-12)?
8
Suppose -7*r + 326 + 164 = 0. Suppose 0 = -3*c - 15, x + 5 = c - 2*c. Suppose -r = -a - 4*t + 3*t, x = -4*a + 2*t + 280. What is the units digit of a?
0
Let b = -12 - -21. Suppose 9*m + b = 12*m. What is the tens digit of 161 + 8*m/(-6)?
5
Let t = -21 + 21. Let o = 428 - 269. Suppose 5*w + 3*f - 747 + 67 = t, -o = -w + 4*f. What is the hundreds digit of w?
1
Suppose -76*a = -83*a - 364. Let r(d) = 8*d - 5. Let k be r(-5). Let y = k - a. What is the units digit of y?
7
Let r = 15 - 5. Suppose r = 6*y - 5*y. Let d = 32 - y. What is the tens digit of d?
2
Let i = -9 - -12. Let o(a) = 2*a**3 + 20*a**2 - 27*a - 20. Let u(p) = -p**3 - 21*p**2 + 26*p + 21. Let s(g) = i*u(g) + 2*o(g). What is the units digit of s(22)?
7
Let h(j) = j**3 + 11*j**2 - 14*j - 23. Let i be h(-12). Let b(w) = 183*w**3 + 3*w**2 - w - 1. Let p be b(i). Suppose -3*f + p = f. What is the tens digit of f?
4
Let i be 2/(-6)*(2 + -2) - 9. What is the hundreds digit of ((-5)/(-4) + 1)/(i/(-4056))?
0
Suppose -10 = -2*t, 3*q + q = t + 23. Suppose q*h + 7*h = 1568. What is the units digit of h?
2
Suppose 0 = 2*k + k + l + 5, -20 = k + 4*l. Suppose -6*r + 10*r - 8 = k. Suppose -r*c + 256 = 76. What is the tens digit of c?
9
Let c = 32 - 27. Suppose -3*z + 0*z + w + 10 = 0, -2*z = 4*w - 30. Suppose z*g + 3*f - 245 = 8*f, -c*g + f = -245. What is the tens digit of g?
4
Suppose 37*f - 51*f + 306544 = 0. What is the units digit of f?
6
Let g(a) = -a**3 - 13*a**2 - 15*a - 19. Let j be g(-14). Suppose -2*o = h - 0*o - j, 5*h = 2*o + 1887. What is the units digit of h?
9
What is the ten thousands digit of 17484 - -5*24/(-20)?
1
Suppose h + g = -0 - 7, h + 4*g = 2. Let z be ((-24)/h)/((-2)/(-55)). Suppose -b - 71 = -5*l, -5*l + 3*b = -7 - z. What is the tens digit of l?
1
Suppose 38 = -5*n + 43. Let z be 11*(-4 - -3)/(-1). Suppose -n = -4*q + z. What is the units digit of q?
3
Let t(v) = 13 - 570*v + 14*v - 572*v + 94*v. What is the tens digit of t(-1)?
4
Let m(z) be the second derivative of z**3/6 + 4*z**2 - 12*z. Let x be m(3). Suppose -x*l = -14*l + 78. What is the units digit of l?
6
Let b = 19 + -26. Let k(g) = g + 20. Let l(z) = z + 41. Let f(q) = -5*k(q) + 2*l(q). What is the units digit of f(b)?
3
Let z be (-2494 + -2 + 5)/(-1). Suppose c + 570 = -5*n + z, c - 1 = 0. Suppose 3*r - n = r. What is the tens digit of r?
9
Suppose -10*w - 3*c = -7*w - 21228, -2*c = 4*w - 28314. What is the thousands digit of w?
7
Suppose 0 = -5*a - 2*p + 3*p + 465150, -14*a + 1302426 = -4*p. What is the thousands digit of a?
3
What is the units digit of 15/(-5) - (-1682122)/62?
8
Suppose 4*y = 9*y + 7600. What is the hundreds digit of y/(-6) - 5 - 4/(-6)?
2
Let j = -17243 - -72722. What is the tens digit of j?
7
Suppose 122*y = 28*y + 34*y 